What is c(-12)?
13
Let s(v) = -2*v - 39. Determine s(-22).
5
Let v(a) = -a - 12. What is v(-9)?
-3
Let b(u) = -3*u**3 + 2*u**2 + 6*u + 6. Determine b(-3).
87
Let n(y) = 2*y - 21. Calculate n(14).
7
Let i(u) = u**3 - 5*u**2 - 5*u + 3. Determine i(6).
9
Let a(s) = -s**3 - 3*s + 10. Determine a(2).
-4
Let a(z) = -2*z - 3. What is a(-6)?
9
Let b(l) = -l**2 - l - 6. Give b(-3).
-12
Let o(b) = -b**3 + 13*b**2 - 3*b + 32. Calculate o(13).
-7
Let y(m) = m**3 - 14*m**2 + 3*m + 14. What is y(14)?
56
Let j(f) = -f**2 - f + 7. What is j(3)?
-5
Let s(w) = w**2 - 31. What is s(7)?
18
Let b(j) = j**3 - 3*j**2 - 3*j + 2. Give b(3).
-7
Let y(i) = -24*i**3 + i. Determine y(1).
-23
Let v(r) = -23*r**2 + r - 1. Calculate v(1).
-23
Let d(r) = 8*r - 3. Calculate d(8).
61
Let z(a) = 5*a - 37. Give z(8).
3
Let n(g) = 2*g**2 + 19*g + 29. Calculate n(-7).
-6
Let v(f) = -f**2 - 25*f - 24. Determine v(-24).
0
Let u(m) = -3*m + 10. What is u(6)?
-8
Let p(h) = h**2 + 6*h + 6. What is p(-9)?
33
Let d(p) = -p**3 - 8*p**2 - 2*p - 10. Give d(-8).
6
Let l(g) = -g - 1. Calculate l(0).
-1
Let y(i) = -i**3 - 10*i**2 - 22*i - 124. Determine y(-9).
-7
Let u(s) = s**2 - 15*s - 33. What is u(16)?
-17
Let c(a) = -2*a**3 + 3*a**2 + 3*a - 8. Calculate c(4).
-76
Let v(m) = 2*m + 44. Calculate v(0).
44
Let j(u) = -u**2 + 4*u + 3. What is j(4)?
3
Let w(r) = -r**2 - 36*r - 55. Give w(-34).
13
Let y(f) = -3*f**3 + 4*f**2 + f - 1. Calculate y(3).
-43
Let w(d) = -3*d - 13. Determine w(-3).
-4
Let o(s) = s**3 + 4*s**2 + 3. What is o(-4)?
3
Let d(p) = -3*p - 2. Calculate d(-13).
37
Let p(o) = o**2 + 3*o - 7. Give p(-3).
-7
Let s(a) = -4*a - 8. What is s(0)?
-8
Let o(s) = -7*s**3 - s**2 - 31*s - 30. Calculate o(-1).
7
Let a(z) = -6*z + 1. Calculate a(-5).
31
Let c(r) = r**2 - 8*r - 11. Give c(10).
9
Let k(x) = x**3 - 10*x**2 + 6*x + 20. What is k(9)?
-7
Let k(p) = 10*p + 21. What is k(-3)?
-9
Let z(s) = -s**3 + 34*s**2 - s + 53. Determine z(34).
19
Let t(n) = n**2 + 2*n - 2. Give t(-6).
22
Let z(b) = -2*b**2 + 9*b + 29. Give z(8).
-27
Let q(v) = -v**3 - 8*v**2 + v + 5. Determine q(-8).
-3
Let a(l) = -l**2 + 15*l - 11. What is a(13)?
15
Let y(h) = h**3 + 39*h**2 + 106*h. Determine y(-3).
6
Let q(x) = -2*x**2 + 26*x + 34. What is q(14)?
6
Let y(n) = -n**2 - 20*n + 36. Give y(-21).
15
Let t(w) = -5*w - 8. What is t(-1)?
-3
Let q(w) = -w**3 + 6*w**2 - 34. Calculate q(4).
-2
Let w(j) = 4*j - 12. Calculate w(-2).
-20
Let n(d) = -d**2 - 6*d + 9. Determine n(-9).
-18
Let r(y) = 2*y - 38. Give r(10).
-18
Let f(v) = v**2 + 54*v + 412. Calculate f(-9).
7
Let o(g) = -g**2 - 5*g. Calculate o(-6).
-6
Let r(d) = d**2 - 7*d + 5. What is r(4)?
-7
Let s(g) = -4*g - 86. Determine s(-21).
-2
Let k(z) = z**2 + 2*z - 6. Determine k(-4).
2
Let w(f) = -37*f**3 + f**2 + f - 1. What is w(1)?
-36
Let m(b) = b**2 + 4*b - 6. What is m(-7)?
15
Let t(z) = z**3 - 7*z**2 + z. Give t(8).
72
Let r(w) = -33*w**2 + 7*w - 1. What is r(1)?
-27
Let f(x) = -2*x + 49. Calculate f(21).
7
Let p(x) = -4*x + 4. Give p(4).
-12
Let f(g) = -g**3 - g - 4. Determine f(0).
-4
Let o(z) = -8*z + 32. What is o(5)?
-8
Let w(j) = -j**3 + 18*j**2 - j + 12. What is w(18)?
-6
Let l(c) = -42*c - 37. Calculate l(-1).
5
Let n(a) = -a**2 + 13*a - 18. Give n(12).
-6
Let g(z) = z - 14. Give g(8).
-6
Let m(k) = k**3 + 2*k**2 - 6*k - 15. What is m(-3)?
-6
Let a(w) = w**3 + 10*w**2 - 6*w - 10. Determine a(-10).
50
Let a(z) = z**2 - 28*z + 185. Calculate a(13).
-10
Let c(r) = 7*r + 32. Determine c(-5).
-3
Let i(h) = h**3 + 13*h**2 + 14*h + 11. Determine i(-12).
-13
Let h(d) = 15*d - 5. Give h(-2).
-35
Let v(z) = -2*z + 34. Give v(9).
16
Let g(h) = -h**2 - 7*h + 19. Calculate g(-9).
1
Let b(f) = -f**3 - 19*f**2 - 33*f + 14. Give b(-17).
-3
Let n(i) = -i**3 + 13*i**2 - 37*i - 5. Calculate n(5).
10
Let b(h) = 4*h - 51. Determine b(9).
-15
Let a(n) = 5*n - 9. Calculate a(-6).
-39
Let v(m) = m**2 + 32*m - 3. What is v(-32)?
-3
Let c(h) = h**2 + 2*h - 1. Determine c(1).
2
Let i(o) = 22*o - 1. Calculate i(-2).
-45
Let v(f) = f + 1. Give v(5).
6
Let i(n) = -n**3 + 5*n**2 + 7*n - 6. Calculate i(6).
0
Let q(x) = -x**3 + 10*x**2 - x - 1. What is q(9)?
71
Let r(n) = -n**2 + 7*n - 13. Calculate r(7).
-13
Let x(l) = l**2 + 7*l + 12. Give x(-8).
20
Let b(i) = -13*i - 4. Give b(7).
-95
Let m(h) = -11*h + 100. Give m(9).
1
Let s(c) = -c + 30. Give s(-15).
45
Let p(y) = -y**2 + 7*y + 5. Calculate p(4).
17
Let c(f) = -f**3 + 18*f**2 + 16*f + 66. What is c(19)?
9
Let o(k) = k + 30. What is o(-16)?
14
Let d(x) = 5*x + 3. Calculate d(2).
13
Let d(g) = g**2 - 19*g - 8. What is d(19)?
-8
Let o(u) = 5*u - 5. Determine o(3).
10
Let j(g) = g**2 - 14*g - 4. Calculate j(14).
-4
Let k(d) = -3*d**2 + 5*d - 2. Determine k(2).
-4
Let f(m) = -m**3 - 2*m**2 + 63*m + 11. Calculate f(-9).
11
Let g(v) = -5*v - 145. Calculate g(-31).
10
Let q(b) = -3*b - 7. Determine q(-3).
2
Let z(j) = -14*j**2 + 66*j + 7. Determine z(5).
-13
Let x(d) = -d**3 + 8*d**2 - d - 3. Give x(8).
-11
Let d(z) = -56*z + 116. Calculate d(2).
4
Let i(j) = j**2 - 20*j + 84. Calculate i(13).
-7
Let c(n) = -12*n**2 + 8*n + 7. Determine c(-2).
-57
Let b(m) = 160*m**3 + 2*m + 1. Give b(-1).
-161
Let g(o) = 18*o - 13. Determine g(-5).
-103
Let n(h) = -h**3 - 14*h**2 - 13*h - 9. Determine n(-13).
-9
Let t(y) = -y**3 + 4*y**2 + 2*y + 2. Give t(4).
10
Let q(t) = -10*t + 5. Calculate q(2).
-15
Let b(t) = t**3 - 7*t**2 + t + 1. Determine b(7).
8
Let v(b) = -b**3 + 16*b**2 - 10*b + 17. Calculate v(15).
92
Let x(t) = 15*t - 41. Calculate x(4).
19
Let z(p) = -p**2 - 12*p - 10. Give z(-11).
1
Let h(y) = 7*y - 3. Determine h(-4).
-31
Let x(d) = -d**3 - d**2 + 5*d - 6. What is x(2)?
-8
Let g(t) = -9*t. What is g(3)?
-27
Let b(u) = -69*u + 3. Give b(2).
-135
Let r(q) = -q**3 - q**2 + 4*q + 8. Give r(-5).
88
Let i(p) = 6*p**2 - 264*p + 3. Give i(44).
3
Let a(d) = -d**2 - 8*d - 4. Give a(-5).
11
Let j(r) = 13*r**2 + 93*r + 16. Determine j(-7).
2
Let t(k) = k**3 - 19*k**2 - 41*k + 15. Give t(21).
36
Let u(r) = -70*r**3 + r**2 + r + 1. Determine u(-1).
71
Let d(v) = -70*v + 4. What is d(-1)?
74
Let p(y) = -y**3 + 13*y**2 + 7*y - 46. Calculate p(13).
45
Let i(q) = -q + 11. What is i(-1)?
12
Let q(h) = -2*h**3 + 3*h**2 - 3*h - 3. Calculate q(-4).
185
Let d(u) = -13*u + 224. Give d(18).
-10
Let h(s) = -s + 3. Determine h(-5).
8
Let p(r) = r**3 + 8*r**2 - 22*r - 12. What is p(-10)?
8
Let i(j) = -4*j**2 + 35*j - 70. Give i(6).
-4
Let i(y) = -112*y**2 - 2*y + 1. Determine i(1).
-113
Let g(x) = 16*x - 2. What is g(-2)?
-34
Let b(w) = w**2 + 36*w + 299. Determine b(-11).
24
Let l(r) = 3*r**2 + 6*r + 4. Determine l(-5).
49
Let m(b) = -b**2 + 18*b - 14. Give m(18).
-14
Let b(q) = q**3 + 13*q**2 - 6*q + 71. What is b(-14)?
-41
Let l(n) = -11*n + 6. Calculate l(4).
-38
Let w(g) = -3*g + 3. Calculate w(8).
-21
Let i(d) = 4*d + 7. Give i(-4).
-9
Let k(i) = 15*i + 125. Determine k(-9).
-10
Let c(s) = 2*s**2 - 52*s + 2. Determine c(22).
-174
Let o(k) = k + 10. Give o(-11).
-1
Let u(f) = -f**3 - 7*f**2 - 9*f - 1. Calculate u(-5).
-6
Let p(w) = -w**3 + 9*w**2 + 14*w - 6. What is p(10)?
34
Let s(n) = -n**3 + 9*n**2 - 14*n + 24. Determine s(7).
24
Let b(i) = -4*i - 20. Calculate b(-7).
8
Let d(r) = -2*r - 16. Give d(-14).
12
Let p(i) = -2*i**2 + 18*i - 5. Calculate p(10).
-25
Let w(d) = d - 4. Give w(2).
-2
Let m(f) = -7*f**2 - 2*f - 1. What is m(-2)?
-25
Let b(c) = c**3 - c**2 - 8*c + 13. What is b(3)?
7
Let y(k) = 5*k - 186. Give y(36).
-6
Let l(x) = 5*x - 93. Determine l(0).
-93
Let u(f) = -f**3 - 10*f**2 - 8*f + 6. Give u(-9).
-3
Let v(s) = 2*s + 4. What is v(-2)?
0
Let m(u) = -u**3 - 8*u**2 + 2*u - 22. What is m(-9)?
41
Let s(l) = 2*l**3 - 10*l**2 + 5*l - 13. Give s(5).
12
Let j(p) = -p**3 - 11*p**2 + 43*p + 19. What is j(-14)?
5
Let z(c) = -13*c - 17. What is z(-4)?
35
Let q(m) = 5*m**2 + 44*m - 14. Give q(-9).
-5
Let z(j) = j**3 + 24*j**2 + 23*j - 10. Calculate z(-23).
-10
Let z(m) = m**3 - 7*m**2 + 3*m - 11. Calculate z(7).
10
Let t(n) = -7*n - 31. Give t(-6).
11
Let r(c) = -3*c + 19. Give r(0).
19
Let x(q) = 7*q + 1. Give x(-1).
-6
Let k(i) = i**3 - 5*i**2 + 6*i - 20. Calculate k(5).
10
Let u(q) = q**3 - 13*q**2 - 28*q - 35. What is u(15)?
-5
Let z(x) = -30*x + 402. Give z(15).
-48
Let f(x) = -x**2 - 21*x - 110. Determine f(-11).
0
Let z(o) = -o**3 - 8*o**2 -